In base 4, what is -103001132113 - 1121?
-103001133300
In base 4, what is 13113223031 - -20?
13113223111
In base 8, what is -16 + 23222657?
23222641
In base 6, what is 140400351 - 124?
140400223
In base 13, what is -1b00 + -48a80?
-4a880
In base 6, what is 5 - -3055155?
3055204
In base 4, what is 2 - -21030001031?
21030001033
In base 12, what is -11 + 7382?
7371
In base 4, what is 2011 + -20003233330?
-20003231313
In base 8, what is -50 - -132571617?
132571547
In base 14, what is -10 - 35aa85?
-35aa95
In base 13, what is -2 - -1808b8?
1808b6
In base 9, what is 2587 + -13051?
-10353
In base 7, what is -2665411401 + -4?
-2665411405
In base 13, what is -60958a0c - 1?
-60958a10
In base 8, what is 32 - 17713600?
-17713546
In base 16, what is -32a96 - 47?
-32add
In base 11, what is -15 + -85348?
-85362
In base 9, what is 1544865 - -12?
1544877
In base 10, what is 206 + -50298?
-50092
In base 14, what is 8826d99 - 5?
8826d94
In base 13, what is 3 + -c5aba92?
-c5aba8c
In base 10, what is -38 + -915877?
-915915
In base 4, what is 10020121 + -311102?
3103013
In base 3, what is 11 - -1211011211102?
1211011211120
In base 4, what is 2132200002322 - -3?
2132200002331
In base 8, what is 5 - 12674602?
-12674575
In base 3, what is 11 - -1012100100201?
1012100100212
In base 12, what is 2 + 389bb45?
389bb47
In base 3, what is -11121 + 11020102100001?
11020102011110
In base 11, what is -42 - 92175?
-92207
In base 15, what is -1dae1a - -6a?
-1dada0
In base 11, what is -10157 + -4a1a?
-15076
In base 13, what is 6a52c2b - 3?
6a52c28
In base 15, what is -1 - -4ece00?
4ecdee
In base 15, what is -4721 + -971?
-5192
In base 14, what is 2 - -2cdb585?
2cdb587
In base 9, what is -40564404 - 8?
-40564413
In base 8, what is -1503370153 - -3?
-1503370150
In base 9, what is 1853 + -205804?
-203841
In base 14, what is -4 + 4b60116?
4b60112
In base 12, what is -1974514 - 5?
-1974519
In base 12, what is 93b10 - 2124?
919a8
In base 11, what is -4 - -4391775?
4391771
In base 15, what is -5d + 1e4e1?
1e483
In base 4, what is -23300 + -12120?
-102020
In base 13, what is -c0975a - -3?
-c09757
In base 9, what is -2378 + 8631?
6242
In base 12, what is -69 + 66b974?
66b907
In base 12, what is -1b941b - 4?
-1b9423
In base 16, what is 0 + 86a7a7?
86a7a7
In base 8, what is 45511 - -302?
46013
In base 4, what is 223033033 + -10000?
223023033
In base 14, what is 7 - -5551561?
5551568
In base 4, what is -20300323 - 132?
-20301121
In base 12, what is 909b29 - 4?
909b25
In base 7, what is 1 + 5562403400?
5562403401
In base 2, what is -10010101111011010 + -10101101?
-10010110010000111
In base 16, what is -23 - 29aee?
-29b11
In base 9, what is 3 + 72275522?
72275525
In base 14, what is 1a07 + 962?
2569
In base 16, what is -2e96 + -ae3?
-3979
In base 2, what is 101111111111100 + -11111010001?
101100000101011
In base 10, what is -17479077 - -2?
-17479075
In base 6, what is 55033120 + -1451?
55031225
In base 12, what is -69931 + -142?
-69a73
In base 4, what is -23032111 + -31120?
-23123231
In base 8, what is 10004614 - -6?
10004622
In base 14, what is 77 - 10203?
-1016a
In base 4, what is 311330223132 + 101?
311330223233
In base 12, what is a9b4 + 1ab?
aba3
In base 2, what is 1100010010110001001011 + 1?
1100010010110001001100
In base 3, what is 1 - -12121001021211?
12121001021212
In base 2, what is 100000011001111011101010 - -1?
100000011001111011101011
In base 8, what is 605476 - 177?
605277
In base 3, what is 1022112201000120 + 20?
1022112201000210
In base 3, what is 112 + 210200021001212?
210200021002101
In base 10, what is -17330 + -95?
-17425
In base 5, what is 3 - -2314421221?
2314421224
In base 14, what is -5 + b38857?
b38852
In base 16, what is -1 - 16446d?
-16446e
In base 13, what is 9 - 30a9952?
-30a9946
In base 16, what is -291b81 + 4?
-291b7d
In base 8, what is 26112 + 3722?
32034
In base 13, what is -b3 - 286602?
-2866b5
In base 3, what is 1 - 2121101101001210?
-2121101101001202
In base 15, what is 29cd + -64e?
237e
In base 16, what is -1a274e5 - 46?
-1a2752b
In base 6, what is 10504 - -4423?
15331
In base 11, what is 1241665 - 29?
1241637
In base 8, what is 236 - -321315?
321553
In base 4, what is 330032 + -13123123?
-12133031
In base 5, what is -3320010 + 2033?
-3312422
In base 9, what is 336 - 801088?
-800652
In base 10, what is 1497570 - 12?
1497558
In base 13, what is b - 50a6c9?
-50a6bb
In base 11, what is 359 - -137?
495
In base 14, what is -169 - -bcb0?
bb45
In base 10, what is 225 - -1236261?
1236486
In base 14, what is 208039 - -aa?
208105
In base 10, what is -114440 + -62?
-114502
In base 9, what is -2 - -6066601?
6066588
In base 13, what is -b - -13a4c47?
13a4c39
In base 12, what is 145 + 54256b?
5426b4
In base 5, what is 202111323144 + -4?
202111323140
In base 16, what is 3 + 973a691?
973a694
In base 16, what is -1 - -61b8e1?
61b8e0
In base 3, what is -2011 + 10120202201202?
10120202122121
In base 12, what is -42 - -646b0?
6466a
In base 7, what is -1036 - -2305501?
2304432
In base 10, what is -3585182 - -18?
-3585164
In base 15, what is 40 + -bdd348?
-bdd308
In base 8, what is -342 - -176355?
176013
In base 13, what is 2310 - 81?
225c
In base 6, what is -53000410411 - 2?
-53000410413
In base 4, what is 12212011101 - 10?
12212011031
In base 4, what is 1200 - 2332231213?
-2332230013
In base 14, what is 36ba6 + b7?
36c7d
In base 3, what is -10121220211221000 - -101?
-10121220211220122
In base 15, what is -3 + -368d4ce?
-368d4d2
In base 14, what is -1d99d - -ccb?
-1cab2
In base 4, what is -13303121 + -3010?
-13312131
In base 10, what is -96 - 111377?
-111473
In base 16, what is -3d2 + 90d4?
8d02
In base 3, what is 102121202012111000 + 0?
102121202012111000
In base 15, what is 11 - -5d790d?
5d791e
In base 16, what is 7 + -20f52?
-20f4b
In base 14, what is -27 + 1b55c64?
1b55c3b
In base 11, what is -83410 + -9?
-83419
In base 7, what is -15234 - 4544?
-23111
In base 13, what is 10966 - -1597?
12230
In base 4, what is 1212131220 - -10?
1212131230
In base 16, what is -4a96f + -47?
-4a9b6
In base 7, what is 2 - 3411254?
-3411252
In base 12, what is -137bb - 18903?
-30502
In base 8, what is 643552 - -100?
643652
In base 10, what is 5 - 248572106?
-248572101
In base 4, what is -21103 + 1300100?
1212331
In base 5, what is -10 + -2213314011?
-2213314021
In base 14, what is -3d74797 + 13?
-3d74784
In base 10, what is -465 + 28470?
28005
In base 2, what is 100 + 10010110111100100001001111101?
10010110111100100001010000001
In base 6, what is 5441 + -102001?
-52120
In base 6, what is -202 - 5311430?
-5312032
In base 13, what is 610c - 40b?
5a01
In base 6, what is -21045212 - 53?
-21045305
In base 9, what is 1021 - 406?
514
In base 6, what is 1 - -15115321503?
15115321504
In base 13, what is 778947aa - 3?
778947a7
In base 16, what is 3b9 - 743a?
-7081
In base 11, what is 4 + 16165aa8?
16166001
In base 3, what is -1101002 - 21220211?
-100021220
In base 7, what is 16336651 - 203?
16336445
In base 14, what is c66331 + 0?
c66331
In base 7, what is 2106451 - 442?
2106006
In base 15, what is c4 - -65aa?
667e
In base 16, what is -d13e + 815e?
-4fe0
In base 14, what is -1b8727 + 13?
-1b8714
In base 5, what is -10200 + -421211?
-431411
In base 12, what is 2495049b - -1?
249504a0
In base 15, what is 103606222 - -3?
103606225
In base 10, what is 3658 - 3415?
243
In base 6, what is -5152030 + 150?
-5151440
In base 8, what is 104406 - -56?
104464
In base 12, what is 47 - -41258?
412a3
In base 11, what is 5 + 1858028?
1858032
In base 7, what is 152032 - 315?
151414
In base 12, what is 1 + -1814a38?
-1814a37
In base 4, what is 23 - -102330212310?
102330212333
In base 14, what is -5 + -7338c?
-73393
In base 16, what is -a3eb - 44?
-a42f
In base 12, what is -844130b8 + -2?
-844130ba
In base 2, what is -11001101000110 + 11001000011?
-10110100000011
In base 11, what is 41 - 359405?
-359374
In base 7, what is 4125334013 - -4?
4125334020
In base 6, what is -540440 + -423?
-541303
In base 16, what is 0 + 38097f?
38097f
In base 15, what is -147bb024 - -4?
-147bb020
In base 11, what is -67 + 29492?
29426
In base 4, what is 1101101 - 122003?
313032
In base 16, what is 2e537e1 - -4?
2e537e5
In base 13, what is 3b174 - -290?
3b434
In base 6, what is 1 + -124004501?
-124004500
In base 2, what is 1001110101111010100